{"id":5754,"date":"2025-12-11T20:33:15","date_gmt":"2025-12-11T20:33:15","guid":{"rendered":"https:\/\/www.pastoretsdelespluga.cat\/?page_id=5754"},"modified":"2025-12-11T20:41:02","modified_gmt":"2025-12-11T20:41:02","slug":"galeria-historica-del-centre-cultural-1927-1965","status":"publish","type":"page","link":"http:\/\/www.pastoretsdelespluga.cat\/index.php\/galeria-historica-del-centre-cultural-1927-1965\/","title":{"rendered":"Galeria hist\u00f2rica del Centre Cultural (1927-1965)"},"content":{"rendered":"<div class=\"wp-block-image\">\n<figure class=\"aligncenter size-large\"><img data-recalc-dims=\"1\" loading=\"lazy\" decoding=\"async\" width=\"1024\" height=\"712\" src=\"https:\/\/i0.wp.com\/www.pastoretsdelespluga.cat\/wp-content\/uploads\/2025\/12\/Centre-Cultural_Desmuntatge_1965aprox_Fons-Dr.-Joan-Farre-i-Gual.jpg?resize=1024%2C712\" alt=\"\" class=\"wp-image-5747\" srcset=\"https:\/\/i0.wp.com\/www.pastoretsdelespluga.cat\/wp-content\/uploads\/2025\/12\/Centre-Cultural_Desmuntatge_1965aprox_Fons-Dr.-Joan-Farre-i-Gual.jpg?resize=1024%2C712 1024w, https:\/\/i0.wp.com\/www.pastoretsdelespluga.cat\/wp-content\/uploads\/2025\/12\/Centre-Cultural_Desmuntatge_1965aprox_Fons-Dr.-Joan-Farre-i-Gual.jpg?resize=300%2C209 300w, https:\/\/i0.wp.com\/www.pastoretsdelespluga.cat\/wp-content\/uploads\/2025\/12\/Centre-Cultural_Desmuntatge_1965aprox_Fons-Dr.-Joan-Farre-i-Gual.jpg?resize=768%2C534 768w, https:\/\/i0.wp.com\/www.pastoretsdelespluga.cat\/wp-content\/uploads\/2025\/12\/Centre-Cultural_Desmuntatge_1965aprox_Fons-Dr.-Joan-Farre-i-Gual.jpg?resize=1536%2C1068 1536w, https:\/\/i0.wp.com\/www.pastoretsdelespluga.cat\/wp-content\/uploads\/2025\/12\/Centre-Cultural_Desmuntatge_1965aprox_Fons-Dr.-Joan-Farre-i-Gual.jpg?w=2026 2026w\" sizes=\"auto, (max-width: 1000px) 100vw, 1000px\" \/><figcaption class=\"wp-element-caption\">L&#8217;escenari, des de la bancada, amb la vista de l&#8217;amfiteatre, durant el desmuntatge el 1965 (Fons Dr. Farr\u00e9 i Gual)<\/figcaption><\/figure>\n<\/div>\n\n\n<figure class=\"wp-block-gallery has-nested-images columns-default is-cropped wp-block-gallery-1 is-layout-flex wp-block-gallery-is-layout-flex\">\n<figure class=\"wp-block-image size-large\"><img data-recalc-dims=\"1\" loading=\"lazy\" decoding=\"async\" width=\"1024\" height=\"700\" data-id=\"5758\" src=\"https:\/\/i0.wp.com\/www.pastoretsdelespluga.cat\/wp-content\/uploads\/2025\/12\/Centre-Cultural_Desmuntatge_1965aprox_Fons-Dr.-Joan-Farre-i-Gual_Despatxos-1024x700.jpg?resize=1024%2C700&#038;ssl=1\" alt=\"\" class=\"wp-image-5758\" srcset=\"https:\/\/i0.wp.com\/www.pastoretsdelespluga.cat\/wp-content\/uploads\/2025\/12\/Centre-Cultural_Desmuntatge_1965aprox_Fons-Dr.-Joan-Farre-i-Gual_Despatxos.jpg?resize=1024%2C700 1024w, https:\/\/i0.wp.com\/www.pastoretsdelespluga.cat\/wp-content\/uploads\/2025\/12\/Centre-Cultural_Desmuntatge_1965aprox_Fons-Dr.-Joan-Farre-i-Gual_Despatxos.jpg?resize=300%2C205 300w, https:\/\/i0.wp.com\/www.pastoretsdelespluga.cat\/wp-content\/uploads\/2025\/12\/Centre-Cultural_Desmuntatge_1965aprox_Fons-Dr.-Joan-Farre-i-Gual_Despatxos.jpg?resize=768%2C525 768w, https:\/\/i0.wp.com\/www.pastoretsdelespluga.cat\/wp-content\/uploads\/2025\/12\/Centre-Cultural_Desmuntatge_1965aprox_Fons-Dr.-Joan-Farre-i-Gual_Despatxos.jpg?resize=1536%2C1049 1536w, https:\/\/i0.wp.com\/www.pastoretsdelespluga.cat\/wp-content\/uploads\/2025\/12\/Centre-Cultural_Desmuntatge_1965aprox_Fons-Dr.-Joan-Farre-i-Gual_Despatxos.jpg?w=2033 2033w\" sizes=\"auto, (max-width: 1000px) 100vw, 1000px\" \/><\/figure>\n\n\n\n<figure class=\"wp-block-image size-large\"><img data-recalc-dims=\"1\" loading=\"lazy\" decoding=\"async\" width=\"1024\" height=\"713\" data-id=\"5757\" src=\"https:\/\/i0.wp.com\/www.pastoretsdelespluga.cat\/wp-content\/uploads\/2025\/12\/Centre-Cultural_Desmuntatge_1965aprox_Fons-Dr.-Joan-Farre-i-Gual_Platea-1024x713.jpg?resize=1024%2C713&#038;ssl=1\" alt=\"\" class=\"wp-image-5757\" srcset=\"https:\/\/i0.wp.com\/www.pastoretsdelespluga.cat\/wp-content\/uploads\/2025\/12\/Centre-Cultural_Desmuntatge_1965aprox_Fons-Dr.-Joan-Farre-i-Gual_Platea.jpg?resize=1024%2C713 1024w, https:\/\/i0.wp.com\/www.pastoretsdelespluga.cat\/wp-content\/uploads\/2025\/12\/Centre-Cultural_Desmuntatge_1965aprox_Fons-Dr.-Joan-Farre-i-Gual_Platea.jpg?resize=300%2C209 300w, https:\/\/i0.wp.com\/www.pastoretsdelespluga.cat\/wp-content\/uploads\/2025\/12\/Centre-Cultural_Desmuntatge_1965aprox_Fons-Dr.-Joan-Farre-i-Gual_Platea.jpg?resize=768%2C535 768w, https:\/\/i0.wp.com\/www.pastoretsdelespluga.cat\/wp-content\/uploads\/2025\/12\/Centre-Cultural_Desmuntatge_1965aprox_Fons-Dr.-Joan-Farre-i-Gual_Platea.jpg?resize=1536%2C1069 1536w, https:\/\/i0.wp.com\/www.pastoretsdelespluga.cat\/wp-content\/uploads\/2025\/12\/Centre-Cultural_Desmuntatge_1965aprox_Fons-Dr.-Joan-Farre-i-Gual_Platea.jpg?resize=2048%2C1426 2048w\" sizes=\"auto, (max-width: 1000px) 100vw, 1000px\" \/><\/figure>\n\n\n\n<figure class=\"wp-block-image size-large\"><img data-recalc-dims=\"1\" loading=\"lazy\" decoding=\"async\" width=\"1024\" height=\"702\" data-id=\"5759\" src=\"https:\/\/i0.wp.com\/www.pastoretsdelespluga.cat\/wp-content\/uploads\/2025\/12\/Centre-Cultural_Desmuntatge_Galliner_1965aprox_Fons-Dr.-Joan-Farre-i-Gual-1024x702.jpg?resize=1024%2C702&#038;ssl=1\" alt=\"\" class=\"wp-image-5759\" srcset=\"https:\/\/i0.wp.com\/www.pastoretsdelespluga.cat\/wp-content\/uploads\/2025\/12\/Centre-Cultural_Desmuntatge_Galliner_1965aprox_Fons-Dr.-Joan-Farre-i-Gual.jpg?resize=1024%2C702 1024w, https:\/\/i0.wp.com\/www.pastoretsdelespluga.cat\/wp-content\/uploads\/2025\/12\/Centre-Cultural_Desmuntatge_Galliner_1965aprox_Fons-Dr.-Joan-Farre-i-Gual.jpg?resize=300%2C206 300w, https:\/\/i0.wp.com\/www.pastoretsdelespluga.cat\/wp-content\/uploads\/2025\/12\/Centre-Cultural_Desmuntatge_Galliner_1965aprox_Fons-Dr.-Joan-Farre-i-Gual.jpg?resize=768%2C527 768w, https:\/\/i0.wp.com\/www.pastoretsdelespluga.cat\/wp-content\/uploads\/2025\/12\/Centre-Cultural_Desmuntatge_Galliner_1965aprox_Fons-Dr.-Joan-Farre-i-Gual.jpg?resize=1536%2C1053 1536w, https:\/\/i0.wp.com\/www.pastoretsdelespluga.cat\/wp-content\/uploads\/2025\/12\/Centre-Cultural_Desmuntatge_Galliner_1965aprox_Fons-Dr.-Joan-Farre-i-Gual.jpg?w=2026 2026w\" sizes=\"auto, (max-width: 1000px) 100vw, 1000px\" \/><\/figure>\n<\/figure>\n\n\n\n<h2 class=\"wp-block-heading\"><strong>Els Pastorets de 1960<\/strong><\/h2>\n\n\n\n<figure class=\"wp-block-image size-full\"><img data-recalc-dims=\"1\" loading=\"lazy\" decoding=\"async\" width=\"2019\" height=\"1463\" src=\"https:\/\/i0.wp.com\/www.pastoretsdelespluga.cat\/wp-content\/uploads\/2025\/12\/Els-Pastorets_1960_Centre-Cultural_Josep-Mercade.jpg?resize=2019%2C1463&#038;ssl=1\" alt=\"\" class=\"wp-image-5765\" srcset=\"https:\/\/i0.wp.com\/www.pastoretsdelespluga.cat\/wp-content\/uploads\/2025\/12\/Els-Pastorets_1960_Centre-Cultural_Josep-Mercade.jpg?w=2019 2019w, https:\/\/i0.wp.com\/www.pastoretsdelespluga.cat\/wp-content\/uploads\/2025\/12\/Els-Pastorets_1960_Centre-Cultural_Josep-Mercade.jpg?resize=300%2C217 300w, https:\/\/i0.wp.com\/www.pastoretsdelespluga.cat\/wp-content\/uploads\/2025\/12\/Els-Pastorets_1960_Centre-Cultural_Josep-Mercade.jpg?resize=1024%2C742 1024w, https:\/\/i0.wp.com\/www.pastoretsdelespluga.cat\/wp-content\/uploads\/2025\/12\/Els-Pastorets_1960_Centre-Cultural_Josep-Mercade.jpg?resize=768%2C557 768w, https:\/\/i0.wp.com\/www.pastoretsdelespluga.cat\/wp-content\/uploads\/2025\/12\/Els-Pastorets_1960_Centre-Cultural_Josep-Mercade.jpg?resize=1536%2C1113 1536w\" sizes=\"auto, (max-width: 1000px) 100vw, 1000px\" \/><\/figure>\n\n\n\n<figure class=\"wp-block-gallery has-nested-images columns-default is-cropped wp-block-gallery-2 is-layout-flex wp-block-gallery-is-layout-flex\">\n<figure class=\"wp-block-image size-large\"><img data-recalc-dims=\"1\" loading=\"lazy\" decoding=\"async\" width=\"1024\" height=\"725\" data-id=\"5762\" src=\"https:\/\/i0.wp.com\/www.pastoretsdelespluga.cat\/wp-content\/uploads\/2025\/12\/Els-Pastorets_1960_Centre-Cultural_Josep-Mercade_Satanas-1-1024x725.jpg?resize=1024%2C725&#038;ssl=1\" alt=\"\" class=\"wp-image-5762\" srcset=\"https:\/\/i0.wp.com\/www.pastoretsdelespluga.cat\/wp-content\/uploads\/2025\/12\/Els-Pastorets_1960_Centre-Cultural_Josep-Mercade_Satanas-1.jpg?resize=1024%2C725 1024w, https:\/\/i0.wp.com\/www.pastoretsdelespluga.cat\/wp-content\/uploads\/2025\/12\/Els-Pastorets_1960_Centre-Cultural_Josep-Mercade_Satanas-1.jpg?resize=300%2C213 300w, https:\/\/i0.wp.com\/www.pastoretsdelespluga.cat\/wp-content\/uploads\/2025\/12\/Els-Pastorets_1960_Centre-Cultural_Josep-Mercade_Satanas-1.jpg?resize=768%2C544 768w, https:\/\/i0.wp.com\/www.pastoretsdelespluga.cat\/wp-content\/uploads\/2025\/12\/Els-Pastorets_1960_Centre-Cultural_Josep-Mercade_Satanas-1.jpg?w=1135 1135w\" sizes=\"auto, (max-width: 1000px) 100vw, 1000px\" \/><\/figure>\n\n\n\n<figure class=\"wp-block-image size-large\"><img data-recalc-dims=\"1\" loading=\"lazy\" decoding=\"async\" width=\"1024\" height=\"706\" data-id=\"5763\" src=\"https:\/\/i0.wp.com\/www.pastoretsdelespluga.cat\/wp-content\/uploads\/2025\/12\/Jeremies-1-1024x706.jpg?resize=1024%2C706&#038;ssl=1\" alt=\"\" class=\"wp-image-5763\" srcset=\"https:\/\/i0.wp.com\/www.pastoretsdelespluga.cat\/wp-content\/uploads\/2025\/12\/Jeremies-1.jpg?resize=1024%2C706 1024w, https:\/\/i0.wp.com\/www.pastoretsdelespluga.cat\/wp-content\/uploads\/2025\/12\/Jeremies-1.jpg?resize=300%2C207 300w, https:\/\/i0.wp.com\/www.pastoretsdelespluga.cat\/wp-content\/uploads\/2025\/12\/Jeremies-1.jpg?resize=768%2C529 768w, https:\/\/i0.wp.com\/www.pastoretsdelespluga.cat\/wp-content\/uploads\/2025\/12\/Jeremies-1.jpg?w=1156 1156w\" sizes=\"auto, (max-width: 1000px) 100vw, 1000px\" \/><\/figure>\n\n\n\n<figure class=\"wp-block-image size-large\"><img data-recalc-dims=\"1\" loading=\"lazy\" decoding=\"async\" width=\"1024\" height=\"737\" data-id=\"5764\" src=\"https:\/\/i0.wp.com\/www.pastoretsdelespluga.cat\/wp-content\/uploads\/2025\/12\/Getse-1-1024x737.jpg?resize=1024%2C737&#038;ssl=1\" alt=\"\" class=\"wp-image-5764\" srcset=\"https:\/\/i0.wp.com\/www.pastoretsdelespluga.cat\/wp-content\/uploads\/2025\/12\/Getse-1.jpg?resize=1024%2C737 1024w, https:\/\/i0.wp.com\/www.pastoretsdelespluga.cat\/wp-content\/uploads\/2025\/12\/Getse-1.jpg?resize=300%2C216 300w, https:\/\/i0.wp.com\/www.pastoretsdelespluga.cat\/wp-content\/uploads\/2025\/12\/Getse-1.jpg?resize=768%2C552 768w, https:\/\/i0.wp.com\/www.pastoretsdelespluga.cat\/wp-content\/uploads\/2025\/12\/Getse-1.jpg?w=1140 1140w\" sizes=\"auto, (max-width: 1000px) 100vw, 1000px\" \/><\/figure>\n<\/figure>\n\n\n<div class=\"wp-block-image\">\n<figure class=\"aligncenter size-full\"><img data-recalc-dims=\"1\" loading=\"lazy\" decoding=\"async\" width=\"1138\" height=\"802\" src=\"https:\/\/i0.wp.com\/www.pastoretsdelespluga.cat\/wp-content\/uploads\/2025\/12\/Els-Pastorets_1960_Centre-Cultural_Josep-Mercade_Martinet.jpg?resize=1138%2C802&#038;ssl=1\" alt=\"\" class=\"wp-image-5744\" srcset=\"https:\/\/i0.wp.com\/www.pastoretsdelespluga.cat\/wp-content\/uploads\/2025\/12\/Els-Pastorets_1960_Centre-Cultural_Josep-Mercade_Martinet.jpg?w=1138 1138w, https:\/\/i0.wp.com\/www.pastoretsdelespluga.cat\/wp-content\/uploads\/2025\/12\/Els-Pastorets_1960_Centre-Cultural_Josep-Mercade_Martinet.jpg?resize=300%2C211 300w, https:\/\/i0.wp.com\/www.pastoretsdelespluga.cat\/wp-content\/uploads\/2025\/12\/Els-Pastorets_1960_Centre-Cultural_Josep-Mercade_Martinet.jpg?resize=1024%2C722 1024w, https:\/\/i0.wp.com\/www.pastoretsdelespluga.cat\/wp-content\/uploads\/2025\/12\/Els-Pastorets_1960_Centre-Cultural_Josep-Mercade_Martinet.jpg?resize=768%2C541 768w\" sizes=\"auto, (max-width: 1000px) 100vw, 1000px\" \/><figcaption class=\"wp-element-caption\"><em>Representaci\u00f3 dels Pastorets al Centre Cultural, el 1960 (Fons fam\u00edlia Mercad\u00e9)<\/em><\/figcaption><\/figure>\n<\/div>","protected":false},"excerpt":{"rendered":"<p>Els Pastorets de 1960<\/p>\n","protected":false},"author":1,"featured_media":0,"parent":0,"menu_order":0,"comment_status":"closed","ping_status":"closed","template":"","meta":{"om_disable_all_campaigns":false,"_monsterinsights_skip_tracking":false,"_monsterinsights_sitenote_active":false,"_monsterinsights_sitenote_note":"","_monsterinsights_sitenote_category":0,"footnotes":""},"class_list":["post-5754","page","type-page","status-publish","hentry"],"aioseo_notices":[],"jetpack_sharing_enabled":true,"_links":{"self":[{"href":"http:\/\/www.pastoretsdelespluga.cat\/index.php\/wp-json\/wp\/v2\/pages\/5754","targetHints":{"allow":["GET"]}}],"collection":[{"href":"http:\/\/www.pastoretsdelespluga.cat\/index.php\/wp-json\/wp\/v2\/pages"}],"about":[{"href":"http:\/\/www.pastoretsdelespluga.cat\/index.php\/wp-json\/wp\/v2\/types\/page"}],"author":[{"embeddable":true,"href":"http:\/\/www.pastoretsdelespluga.cat\/index.php\/wp-json\/wp\/v2\/users\/1"}],"replies":[{"embeddable":true,"href":"http:\/\/www.pastoretsdelespluga.cat\/index.php\/wp-json\/wp\/v2\/comments?post=5754"}],"version-history":[{"count":9,"href":"http:\/\/www.pastoretsdelespluga.cat\/index.php\/wp-json\/wp\/v2\/pages\/5754\/revisions"}],"predecessor-version":[{"id":5776,"href":"http:\/\/www.pastoretsdelespluga.cat\/index.php\/wp-json\/wp\/v2\/pages\/5754\/revisions\/5776"}],"wp:attachment":[{"href":"http:\/\/www.pastoretsdelespluga.cat\/index.php\/wp-json\/wp\/v2\/media?parent=5754"}],"curies":[{"name":"wp","href":"https:\/\/api.w.org\/{rel}","templated":true}]}}